at is the ten thousands digit of 68166664?
6
What is the ten thousands digit of 178425367?
2
What is the hundred millions digit of 6958256634?
9
What is the tens digit of 81203971?
7
What is the hundreds digit of 5577645834?
8
What is the millions digit of 982637167?
2
What is the hundreds digit of 55222743?
7
What is the ten millions digit of 1645014028?
4
What is the units digit of 829526503?
3
What is the thousands digit of 3914548534?
8
What is the ten millions digit of 161602397?
6
What is the hundred millions digit of 3659429108?
6
What is the hundred millions digit of 454807571?
4
What is the units digit of 5113949850?
0
What is the millions digit of 42624464?
2
What is the thousands digit of 3635967449?
7
What is the ten millions digit of 19735947?
1
What is the tens digit of 3275605183?
8
What is the thousands digit of 74314621?
4
What is the hundred thousands digit of 1950164537?
1
What is the thousands digit of 1015496773?
6
What is the hundreds digit of 507307623?
6
What is the millions digit of 241121733?
1
What is the tens digit of 1389053288?
8
What is the units digit of 6255520?
0
What is the thousands digit of 2809704?
9
What is the hundreds digit of 86875475?
4
What is the thousands digit of 2706754630?
4
What is the ten millions digit of 326122112?
2
What is the units digit of 176663350?
0
What is the ten thousands digit of 49623914?
2
What is the hundred thousands digit of 149794480?
7
What is the units digit of 1757128840?
0
What is the millions digit of 2505800364?
5
What is the ten millions digit of 2151858235?
5
What is the tens digit of 47619012?
1
What is the thousands digit of 100228545?
8
What is the hundreds digit of 241770040?
0
What is the millions digit of 93474290?
3
What is the millions digit of 2376429700?
6
What is the units digit of 142235091?
1
What is the thousands digit of 941872776?
2
What is the thousands digit of 19169319?
9
What is the ten thousands digit of 447733510?
3
What is the hundred thousands digit of 369420137?
4
What is the hundred thousands digit of 5527443695?
4
What is the hundreds digit of 31100960?
9
What is the thousands digit of 19282247?
2
What is the millions digit of 609443976?
9
What is the tens digit of 12708232?
3
What is the hundreds digit of 144155747?
7
What is the hundreds digit of 529554933?
9
What is the thousands digit of 231352927?
2
What is the hundred thousands digit of 268973247?
9
What is the hundred thousands digit of 38792643?
7
What is the hundred millions digit of 5868365503?
8
What is the hundred thousands digit of 764645905?
6
What is the millions digit of 331403736?
1
What is the millions digit of 38036731?
8
What is the millions digit of 2644848065?
4
What is the units digit of 73287907?
7
What is the units digit of 4998421574?
4
What is the ten millions digit of 1306784785?
0
What is the ten millions digit of 37770162?
3
What is the tens digit of 58587593?
9
What is the millions digit of 46038166?
6
What is the tens digit of 301453725?
2
What is the units digit of 91146681?
1
What is the thousands digit of 969265029?
5
What is the hundreds digit of 105240352?
3
What is the units digit of 14016079?
9
What is the hundreds digit of 576007025?
0
What is the hundreds digit of 160091642?
6
What is the millions digit of 84709007?
4
What is the tens digit of 42494481?
8
What is the hundreds digit of 48621479?
4
What is the ten thousands digit of 105740835?
4
What is the hundreds digit of 225868317?
3
What is the thousands digit of 1169291534?
1
What is the millions digit of 29651318?
9
What is the millions digit of 318349883?
8
What is the tens digit of 230070810?
1
What is the thousands digit of 14742640?
2
What is the hundred thousands digit of 365041361?
0
What is the hundred thousands digit of 755741518?
7
What is the tens digit of 359863075?
7
What is the millions digit of 81619845?
1
What is the thousands digit of 10836532?
6
What is the hundred thousands digit of 660430315?
4
What is the millions digit of 488627078?
8
What is the units digit of 18828270?
0
What is the tens digit of 322210955?
5
What is the hundreds digit of 1260516937?
9
What is the tens digit of 693379500?
0
What is the ten thousands digit of 221493129?
9
What is the billions digit of 8049438592?
8
What is the ten millions digit of 80846074?
8
What is the millions digit of 153759180?
3
What is the hundred thousands digit of 106343385?
3
What is the units digit of 58121494?
4
What is the hundred millions digit of 5878270307?
8
What is the tens digit of 3888085063?
6
What is the ten millions digit of 116827649?
1
What is the hundreds digit of 3079216?
2
What is the millions digit of 236573355?
6
What is the ten thousands digit of 66412048?
1
What is the tens digit of 33935383?
8
What is the units digit of 46204320?
0
What is the billions digit of 2239762499?
2
What is the ten thousands digit of 694130852?
3
What is the ten thousands digit of 648161401?
6
What is the ten thousands digit of 84249033?
4
What is the hundred thousands digit of 2591354601?
3
What is the billions digit of 2043565615?
2
What is the hundred thousands digit of 149750261?
7
What is the hundreds digit of 802718622?
6
What is the tens digit of 826446282?
8
What is the hundreds digit of 291562444?
4
What is the millions digit of 276087671?
6
What is the thousands digit of 4911641614?
1
What is the thousands digit of 1487760873?
0
What is the units digit of 336084346?
6
What is the hundred thousands digit of 1511961315?
9
What is the ten thousands digit of 44018684?
1
What is the units digit of 3149210488?
8
What is the ten millions digit of 4396870856?
9
What is the ten thousands digit of 311660319?
6
What is the hundred millions digit of 262030810?
2
What is the hundred thousands digit of 183681691?
6
What is the ten thousands digit of 13851712?
5
What is the thousands digit of 2494015817?
5
What is the hundred millions digit of 300635176?
3
What is the ten thousands digit of 73763362?
6
What is the millions digit of 494086647?
4
What is the hundreds digit of 471795391?
3
What is the hundreds digit of 299827146?
1
What is the ten thousands digit of 351071409?
7
What is the units digit of 1821652854?
4
What is the tens digit of 8003513284?
8
What is the hundreds digit of 1845448625?
6
What is the ten thousands digit of 1947202889?
0
What is the ten thousands digit of 93806576?
0
What is the units digit of 1051080887?
7
What is the units digit of 18454937?
7
What is the thousands digit of 2419574987?
4
What is the ten thousands digit of 24119855?
1
What is the units digit of 685843184?
4
What is the units digit of 18697210?
0
What is the hundred thousands digit of 200291760?
2
What is the millions digit of 863770686?
3
What is the ten thousands digit of 37768240?
6
What is the millions digit of 5132040955?
2
What is the hundred millions digit of 5217671388?
2
What is the thousands digit of 107724799?
4
What is the hundreds digit of 312364586?
5
What is the hundred thousands digit of 147248839?
2
What is the hundred thousands digit of 138714815?
7
What is the ten millions digit of 641086987?
4
What is the ten thousands digit of 5627768288?
6
What is the hundreds digit of 4019992431?
4
What is the hundreds digit of 787331595?
5
What is the billions digit of 4250068359?
4
What is the ten thousands digit of 148834183?
3
What is the billions digit of 3353750379?
3
What is the units digit of 769627104?
4
What is the millions digit of 4936585499?
6
What is the units digit of 169370705?
5
What is the units digit of 118832569?
9
What is the hundreds digit of 37616275?
2
What is the ten millions digit of 1969547539?
6
What is the units digit of 131172500?
0
What is the units digit of 450568331?
1
What is the hundred thousands digit of 9947360?
9
What is the ten thousands digit of 551798912?
9
What is the units digit of 280448343?
3
What is the hundreds digit of 200625750?
7
What is the hundred thousands digit of 3002366276?
3
What is the hundred thousands digit of 649645365?
6
What is the thousands digit of 2534259665?
9
What is the ten thousands digit of 1830380442?
8
What is the units digit of 25299117?
7
What is the hundreds digit of 1893593970?
9
What is the thousands digit of 305869434?
9
What is the thousands digit of 6283